-g + 8. Let o be t(-3). Calculate the greatest common factor of b and o.
11
Let a = -10 - -11. Let i be (2 + a)/(5/45). Calculate the highest common factor of 18 and i.
9
Suppose 0 = l - 3*u - u - 18, -u + 119 = 3*l. Calculate the highest common factor of l and 95.
19
Let u(v) = v**3 - v**2 + 3. Let d be u(3). Let b be (375/(-300))/((-1)/(-84)*-1). Calculate the greatest common divisor of d and b.
21
Let h(z) = 102*z + 2. Let c be h(1). Calculate the highest common divisor of c and 13.
13
Let g(j) = -j**3 + 10*j**2 - 4*j - 3. Suppose -7 = o - 2*o + b, 3*o + 4*b = 14. Let z = o - 2. Let c be g(z). What is the greatest common divisor of 7 and c?
7
Suppose -j - j + 3 = -n, -2*n = -5*j + 10. What is the highest common divisor of n and 55?
5
Suppose -18 = -c - 4. Suppose 4*v + 17 = 5*y, -3 + 17 = -3*v + 4*y. Calculate the greatest common divisor of c and v.
2
Let i = 42 + -24. Let z = 187 - 97. Calculate the greatest common factor of z and i.
18
Let y(i) = -i**3 + 5*i**2 + 7. Suppose 19 + 2 = 5*u + 4*r, 4*u - 19 = -r. Let w be y(u). What is the highest common factor of w and 7?
7
Let g = -6 + 15. What is the highest common divisor of g and 6?
3
Let f = -357 + 522. Calculate the greatest common factor of 5 and f.
5
Let c = 46 + -43. What is the greatest common divisor of c and 24?
3
Let j be 4/((-380)/(-185) - 2). Calculate the greatest common factor of j and 111.
37
Let c(j) = 37*j. Let h be c(2). Suppose -3*b + h = -v, -2*b + 3*v + 17 = -23. Let g be -4*(2 - b/8). What is the highest common divisor of 45 and g?
5
Let i(o) = -30*o**3 - o**2 - 2*o - 1. Let j be i(-1). What is the greatest common factor of j and 20?
10
Suppose -620 = -4*k + 3*w, 5*k = 5*w - 48 + 828. Suppose k = d - 5*d. Let n = d + 54. Calculate the highest common divisor of 4 and n.
4
Suppose -2*v - 3 = 3*d - 24, 3*v + 5*d - 34 = 0. Suppose -t = -v*t + 96. Calculate the highest common divisor of 16 and t.
16
Let p(y) = 5*y**2 - y. Let v be p(1). Suppose -3*l + 2 = -v. Suppose l*m - 7 = m. What is the highest common divisor of m and 14?
7
Let d(t) = t**3 - 7*t**2 - 8*t. Let p be d(8). Suppose p = 3*y - 2*y + 5, 0 = -3*r - 3*y + 39. What is the highest common factor of 6 and r?
6
Let b(t) = t + 8. Let r be b(-9). Let n = r + 10. Suppose 0 = -h - 2*a + 6*a + 51, -3*a = 3*h - 198. What is the greatest common divisor of n and h?
9
Suppose -11*n = -15*n + 172. Let j = -27 + n. Calculate the highest common factor of j and 4.
4
Let v(z) = -3*z - 22. Let p be v(-11). Calculate the highest common divisor of 44 and p.
11
Let t = 22 - 2. Calculate the highest common divisor of 10 and t.
10
Let z be (-32)/(-5) + 4/(-10). Let r be z/2*32/12. What is the greatest common factor of r and 72?
8
Suppose -4*d + 3*c + 12 = 5*c, 10 = -2*d - 5*c. What is the greatest common divisor of 45 and d?
5
Let k be 1*(2*-1 - -5). Suppose -4*t + 108 = -0*t. What is the highest common divisor of k and t?
3
Let g = 35 + 40. What is the greatest common factor of 30 and g?
15
Let p = -61 + 64. Calculate the greatest common factor of p and 1.
1
Let x be 1478/26 + 12/78. What is the greatest common divisor of 38 and x?
19
Let l be -4*(-2 + 3) + 22. Calculate the highest common factor of 9 and l.
9
Let w be 50*(2/2 - -3). What is the greatest common divisor of 80 and w?
40
Let t(x) = -x**3 - 16*x**2 - 14*x + 18. Let j be t(-15). What is the highest common factor of 21 and j?
3
Let i(f) = 8*f + 7. Let b be i(6). Calculate the greatest common divisor of 22 and b.
11
Suppose 4*u - 16 = 2*u. Let x be (-47)/(-9) - (-4)/(-18). Suppose -4*o + d - 1 = -u, -x*o + d = -10. Calculate the highest common factor of 33 and o.
3
Suppose 0 = 3*i - 2*i + 3*j - 294, -2 = -2*j. Let l = i + -149. Let z = l + -79. Calculate the greatest common factor of z and 7.
7
Let m be (0/3)/(-2) - 0. Suppose 2*q - 4*j + 9*j = 33, m = -j + 1. Calculate the greatest common divisor of q and 42.
14
Let j(k) = -k**3 - 7*k**2 - 10*k - 8. Let m be j(-6). Calculate the greatest common factor of 112 and m.
16
Suppose 3*i + 5*k = -14, -2*i + 3*k - 16 = 8*k. Let w be 22 + 1 + -3 + i. Calculate the highest common factor of 154 and w.
22
Suppose 3*o - 55 = 11. Calculate the highest common divisor of 55 and o.
11
Let b be ((-504)/(-30))/((-7)/(-35)). Calculate the highest common factor of 12 and b.
12
Suppose -z = -4, 5*m + 0*m = 5*z + 1270. Suppose -3*w + m = -39. Calculate the greatest common divisor of 9 and w.
9
Let h be -3 + (-742)/(-6) + (-3)/(-9). Calculate the highest common factor of 11 and h.
11
Let i = 10 - 7. Let f = -3 + 4. What is the greatest common factor of i and f?
1
Let a(t) = 5*t**2 + 13*t + 2. Let w be a(-6). What is the greatest common factor of w and 26?
26
Let p be -18 - -24 - (-3 + -1). Calculate the highest common divisor of p and 15.
5
Suppose 4*u - 74 = -2*n, 13 = n - 2*u - 2*u. Let f = n + -2. What is the highest common factor of 18 and f?
9
Let m(d) = -2*d - 2. Let a be m(-6). Let f be 3*2/4*a. Let g = -154 - -304. What is the highest common divisor of g and f?
15
Let v(j) = -j**2 + 10*j + 15. Let a be v(11). Suppose -3*g = -d - a, -2*d - 4*g + 75 = 3*d. What is the highest common factor of 121 and d?
11
Let h be (1 - 1) + 0/3. Suppose -n + h*n + 119 = 0. Calculate the highest common factor of 17 and n.
17
Let k be (-14)/(-91) - 15/13. Suppose -2*t + 18 - 2 = 0. Let m = t + k. What is the greatest common factor of m and 35?
7
Let v(u) = 6*u**2 + 30*u + 16. Let a be v(-9). Calculate the greatest common divisor of a and 29.
29
Suppose -2*a - 4 = 0, 9*a - 6*a - 42 = -f. What is the highest common factor of 36 and f?
12
Let m = 17 - -22. Suppose -5*l = -m - 26. What is the greatest common divisor of 78 and l?
13
Let t = -12 + 24. What is the greatest common divisor of 132 and t?
12
Let t = -109 + 185. Calculate the greatest common divisor of t and 57.
19
Let n = -7 - -12. Suppose -n*r + 266 = 46. What is the highest common divisor of r and 11?
11
Let k = 7 - -4. What is the greatest common factor of k and 44?
11
Let w = 4 - -3. Let l be 14/(0 - (-2)/6). What is the highest common divisor of w and l?
7
Suppose -4*b - l + 2*l + 577 = 0, -2 = 2*l. What is the highest common factor of 36 and b?
36
Let p(n) = -n**3 + 6*n**2 - 2*n + 1. Let q = 9 - 3. Suppose 4*y - 14 - q = 0. Let t be p(y). Calculate the highest common divisor of t and 40.
8
Let a = -24 + 64. Suppose 2*g - a = -3*i, -4*g + 3*g - 1 = 0. What is the highest common factor of i and 7?
7
Suppose 5*g - 72 = -2. Suppose 236 = 6*b - 3*b - 4*p, 0 = -3*b + 2*p + 244. What is the highest common divisor of g and b?
14
Suppose -4*o = 5*b - 67, 26 + 38 = 4*o + 4*b. Let a = -8 + o. Let q be a/30 + (-130)/(-12). What is the highest common factor of 33 and q?
11
Suppose 7*x = 3*x + 36. What is the greatest common divisor of 3 and x?
3
Let d be (-63)/6*4/(-6). Let q = 20 + 15. What is the greatest common factor of d and q?
7
Let a be (-10)/8*(1 - 29). Suppose 3*v - a = -2*v. Calculate the greatest common divisor of 49 and v.
7
Suppose 0 = 2*a - 89 - 181. Let g = -65 + a. What is the highest common factor of g and 28?
14
Suppose -3*l = -v, v + v - 11 = -5*l. Calculate the greatest common factor of 21 and v.
3
Let m be ((-19)/7 + 1)*-7. Suppose 12 = -5*k + 27. Suppose -4*j + 21 = -k. What is the greatest common factor of j and m?
6
Let f(w) = -w**2 - 7*w - 9. Let m be f(-4). Suppose p - 2 = -m, 3*p - 21 = -4*q. Calculate the highest common factor of 12 and q.
6
Let r be (-1)/(-4) - (-30)/8. Calculate the greatest common factor of r and 4.
4
Let z(x) = 7*x - 2. Let r be z(10). Suppose 6 = q + 5*o - 34, -2*q = 4*o - r. Calculate the greatest common factor of q and 10.
10
Let x = 38 + -31. Calculate the greatest common divisor of x and 42.
7
Suppose 2*p - 395 + 139 = 0. Let l(v) = v**3 + 6*v**2 - 4*v - 8. Let o be l(-6). Calculate the highest common divisor of p and o.
16
Let o be (384/(-10))/(-6)*(-10)/(-2). What is the highest common factor of 416 and o?
32
Let b(m) = m**2 - 3*m + 1. Let s be b(2). Let z be (-34)/(-10) - 45/(-75). Let o = z + s. What is the greatest common divisor of 9 and o?
3
Let l(y) = y**2 - 2*y + 6. Let q be l(6). Suppose 3*n - 2*n - 90 = 0. What is the highest common divisor of n and q?
30
Suppose 0 = -4*y - 0*y + 72. What is the greatest common factor of 2 and y?
2
Let a(y) 